ighest common divisor of 4 and z.
4
Let g(w) = -w**3 - 6*w**2 - 8*w + 5. Let b be g(-4). What is the greatest common factor of b and 55?
5
Let z(t) = 12*t**2 - 3*t - 2. Let m be z(-2). Suppose 4*f = 344 - m. Let c = -43 + f. What is the greatest common divisor of c and 6?
6
Suppose 0 = -5*w + 13 + 22. Suppose -4*s + w*s = 33. Calculate the greatest common divisor of 77 and s.
11
Let b = -9 - -12. Suppose b*s - 2 = j - 7, 2*s = 3*j - 8. Suppose 0*o + 63 = 3*k + 3*o, -2*o - 26 = -j*k. What is the highest common divisor of 17 and k?
17
Let m = 0 - -2. Suppose -m*b + 163 = 5*w, 2*b - 130 = -2*w - 2*w. Suppose -2*h + 7 = -w. What is the greatest common factor of 5 and h?
5
Let r(u) = -3*u**3 - 2*u**2 + 6*u + 6. Let z(m) = m**3 + 11*m**2 + 10*m - 3. Let y be z(-10). Let a be r(y). What is the highest common factor of a and 34?
17
Let g(m) = m**2 + m - 84. Let t be g(0). Let b be 2/(-8) - t/16. Let i be 182/b + 6/(-15). What is the highest common factor of i and 12?
12
Let r be -8*2/(-4)*1. Suppose 5 = -i + 4*n, 2*i - n + r - 22 = 0. Calculate the greatest common divisor of 77 and i.
11
Let o be 15/(3/2 - 0). Let g = 98 - o. What is the greatest common divisor of g and 11?
11
Suppose 0 = -c - 4, 9 - 29 = -3*s - c. What is the greatest common factor of s and 2?
2
Let z be 2 - (1/1 + 3). Let r be 1/(z + 117/57). What is the highest common divisor of r and 38?
19
Let d(j) = -4*j. Let o(f) = f - 1. Let l(r) = -d(r) - 5*o(r). Let w be l(-4). Calculate the highest common factor of w and 18.
9
Let y(j) be the first derivative of 14*j**3/3 + j**2 + 3*j + 3. Let f be y(-2). Calculate the highest common divisor of f and 11.
11
Suppose g + l + 2*l = 13, -1 = -l. Calculate the highest common divisor of 90 and g.
10
Suppose 0 = -2*n + 5 + 33. Suppose -4*h - n + 187 = 0. Calculate the highest common divisor of h and 14.
14
Suppose -5*q = -3*j + 6*j - 27, -13 = -3*q - j. Suppose q*b = 4*b + 27. Let m be 5 - b - (3 - 1). Calculate the greatest common factor of m and 6.
6
Let a(q) = 46*q**2 + 3*q + 2. Let z be a(4). Suppose 5*u - z = -5*l, 0*l - 2*l = -5*u - 328. What is the greatest common divisor of l and 22?
22
Let z = -292 - -492. Calculate the greatest common factor of z and 25.
25
Let f(c) = -43*c - 4. Let g be f(-4). Suppose -j = -4*j + g. Suppose -5*o + 71 = 4*i, 2*i - 1 = 5*o + 12. What is the greatest common factor of j and i?
14
Let z be (-7)/((-21)/(-6)) + 28. What is the highest common divisor of 13 and z?
13
Let h be 4*(-10)/6*75/(-5). Suppose 3 = -n + 2*n. Suppose 2*r + 40 = n*r. Calculate the greatest common factor of r and h.
20
Suppose -4*w + w + 6 = 0. Suppose w*x - 6*x + 20 = 0. Suppose 29 - x = 3*r. Calculate the highest common divisor of r and 16.
8
Let x = 10 + -9. Let h(v) = -v - 1. Let j(c) = -c - 14. Let t(m) = x*j(m) - 4*h(m). Let o be t(8). What is the highest common factor of o and 56?
14
Let v(x) = x**2 - 3*x + 2. Let d be v(4). Let u be 66/15 + d/(-15). Suppose 3 = u*q - 253. Calculate the greatest common divisor of 16 and q.
16
Let y be 23 + 12/3 + -3. What is the greatest common factor of y and 24?
24
Suppose 3*q - 13 = -4*b, 2*b + 4 + 9 = 5*q. Suppose -g - 1 = 2*p, 7*g + 3*p - 11 = q*g. Calculate the greatest common divisor of g and 45.
5
Let x(t) = -t**3 + 11*t - 6. Let p be x(-4). Let m = 129 - -25. Calculate the greatest common factor of p and m.
14
Let t = 15 - 10. Suppose 2 + 13 = 2*m - t*a, 8 = m - 2*a. What is the greatest common divisor of 15 and m?
5
Suppose 3*o + 3 = 3*v, -3*o - 3 = -6*o + v. Suppose 26 = -o*t + 96. Suppose -2*l = -0*l - 10. Calculate the greatest common divisor of t and l.
5
Suppose 1162 - 478 = 9*u. What is the highest common factor of 19 and u?
19
Let s be 9/6*8/6. Suppose 5*j - 2*d - 128 = 0, 4*d = -s*j + 2*d + 54. Let v = -17 + j. Calculate the highest common divisor of v and 36.
9
Let h = 72 - 47. What is the highest common divisor of 10 and h?
5
Let t = -10 - 3. Let o = t + 26. What is the greatest common divisor of o and 13?
13
Let q be -2 + 0/(-1) + 22. Suppose 0 = -2*c - 5*r - 4, -c = -5*c + r + 14. Suppose 0 = -c*v + 5*v - q. What is the greatest common factor of v and 40?
10
Let g(p) = 3*p - 8. Let w be g(10). Suppose h + 7 = -n + 5*n, -2*n = 4*h - 8. Calculate the highest common divisor of n and w.
2
Suppose -2*n = -0*n - 12. What is the highest common factor of n and 6?
6
Suppose 0*d - 30 = -5*d. Let p = -68 - -122. What is the greatest common factor of d and p?
6
Let j = -13 - -29. Suppose 2*f = 6*f - j. What is the greatest common divisor of f and 16?
4
Let a = 32 - 18. Suppose n + 0*n = a. Calculate the greatest common factor of n and 14.
14
Let t be 2*1/(4/18). Let s(b) = -b**3 - 5*b**2 + 5*b. Let f be s(-6). Let c be f/4 + t/2. What is the highest common divisor of c and 54?
6
Let l = -5 - -6. Let q be l + (1 - 0)/(-1). Let i = q + 16. Calculate the greatest common factor of 80 and i.
16
Let l(j) = -9*j + 2. Let q be l(4). Let u = q + 49. Suppose 0*v = 5*v - 375. What is the highest common factor of v and u?
15
Suppose 5*y = y + 4. Let m = y - -3. Suppose m = p - 6. What is the greatest common factor of p and 110?
10
Let j = -8 + 14. Suppose -2*b = -j*b + 420. Calculate the highest common divisor of b and 42.
21
Let t = 44 - 37. Calculate the highest common factor of t and 7.
7
Let v be (-68)/(-6) - 120/(-180). Suppose 66 = 3*b - 3*l, -b + 116 = 4*b - 2*l. Calculate the highest common factor of b and v.
12
Suppose -2*g + 36 = h - 0*g, h + g = 34. What is the highest common factor of 4 and h?
4
Suppose -l - 3 = -3*m - 2, -20 = -4*m. Calculate the highest common divisor of 14 and l.
14
Let v be (-4 + 3)*(-1 - 3). Let m(s) = 4*s + 4. Let p be m(v). Let h(x) = 5*x**2 + x. Let z be h(-1). What is the highest common factor of z and p?
4
Let p(x) = 35*x**2 + 2*x - 1. Let s be p(1). Let q(d) = d + 4. Let l be q(-6). Let a be 24 - (0/l)/1. What is the greatest common factor of a and s?
12
Suppose 0*c - 3*c + 4*i - 4 = 0, i = -c + 8. Suppose -f - x - c = 3*x, -3*x + 2 = 2*f. What is the greatest common divisor of 24 and f?
4
Suppose -1 = 3*n - 10. Suppose -170 = -5*s - 7*v + n*v, -4*s + 157 = -v. What is the highest common factor of 57 and s?
19
Let a = 140 + -118. What is the greatest common factor of 11 and a?
11
Suppose 0 = -3*l + 4*q - 5, 4*l + 3*q - 8*q = -6. Calculate the highest common divisor of l and 4.
1
Let c(d) = 2*d**2 + 16*d - 7*d - d**2 + 6. Let o be c(9). What is the highest common factor of 21 and o?
21
Suppose 0 = 14*b + 3*b - 1530. Let m(p) = -4*p + 2. Let q be m(-2). Calculate the highest common factor of b and q.
10
Suppose 2*r = 26 - 6. Let x(t) = -t + 50. Let c be x(0). Calculate the highest common factor of c and r.
10
Suppose 8*a - 25 = 3*a. Let o = 6 - 12. Let w be (-6)/18 + (-92)/o. What is the greatest common factor of a and w?
5
Suppose -2*q - 5*x = -700, 0 = -0*q + 4*q - 2*x - 1400. Suppose -w = -6*w + q. Let v be (-28)/3*3/(-1). Calculate the highest common factor of v and w.
14
Let t be 2 + -2 - (-5 + -1). What is the greatest common factor of t and 3?
3
Let q(n) be the first derivative of n**2 + 3*n + 2. Let p be q(4). Let t = 5 - 4. What is the highest common divisor of t and p?
1
Let o be 12/(4 + 1 + -3). Let u(j) = -j**3 + 8*j**2 - 7*j - 8. Let k be u(o). What is the highest common divisor of k and 2?
2
Let q be (4 + 1)*1/1. Suppose 3*d - q + 31 = 5*z, -2*z - 3*d + 23 = 0. What is the highest common factor of 14 and z?
7
Suppose -168 - 42 = -10*o. Calculate the greatest common divisor of o and 14.
7
Let l(v) = 2*v**2 - 7*v + 8. Let p be l(-7). What is the greatest common factor of 62 and p?
31
Let s = 1 - 2. Let u(d) = -3*d**3 - 2*d**2 + 1. Let b be u(s). Calculate the greatest common factor of 5 and b.
1
Suppose -56 = -5*c + 4*u, -28 - 24 = -4*c + 5*u. Let t = c - 3. Suppose -7 = -t*i - 17, 3*p = -5*i + 98. What is the greatest common factor of p and 12?
12
Let s(w) = w**3 + 10*w**2 + 10*w + 21. Let z be s(-9). Calculate the greatest common divisor of 24 and z.
12
Suppose 93 = 4*u - 3*i, -3*u + 0*u - 2*i = -74. Suppose -2*j - 36 = -5*j. Calculate the greatest common divisor of u and j.
12
Let h be 4*(-1 - (-28)/16). Suppose 10 = t + u, 3 = -h*u - 3. Calculate the greatest common divisor of t and 84.
12
Suppose -5 - 9 = -2*n. What is the greatest common fact